[INFO] cloning repository https://github.com/archer884/dkill
[INFO] running `Command { std: "git" "-c" "credential.helper=" "-c" "credential.helper=/workspace/cargo-home/bin/git-credential-null" "clone" "--bare" "https://github.com/archer884/dkill" "/workspace/cache/git-repos/https%3A%2F%2Fgithub.com%2Farcher884%2Fdkill", kill_on_drop: false }`
[INFO] [stderr] Cloning into bare repository '/workspace/cache/git-repos/https%3A%2F%2Fgithub.com%2Farcher884%2Fdkill'...
[INFO] running `Command { std: "git" "rev-parse" "HEAD", kill_on_drop: false }`
[INFO] [stdout] 5c414ab638b1ed10f46a1f4b2cfd67cf7814084a
[INFO] checking archer884/dkill against master#cfbc6d4cf1acbac5c025acf8ed68929caa551df3 for pr-75494-beta
[INFO] running `Command { std: "git" "clone" "/workspace/cache/git-repos/https%3A%2F%2Fgithub.com%2Farcher884%2Fdkill" "/workspace/builds/worker-12/source", kill_on_drop: false }`
[INFO] [stderr] Cloning into '/workspace/builds/worker-12/source'...
[INFO] [stderr] done.
[INFO] validating manifest of git repo https://github.com/archer884/dkill on toolchain cfbc6d4cf1acbac5c025acf8ed68929caa551df3
[INFO] running `Command { std: "/workspace/cargo-home/bin/cargo" "+cfbc6d4cf1acbac5c025acf8ed68929caa551df3" "read-manifest" "--manifest-path" "Cargo.toml", kill_on_drop: false }`
[INFO] started tweaking git repo https://github.com/archer884/dkill
[INFO] finished tweaking git repo https://github.com/archer884/dkill
[INFO] tweaked toml for git repo https://github.com/archer884/dkill written to /workspace/builds/worker-12/source/Cargo.toml
[INFO] crate git repo https://github.com/archer884/dkill already has a lockfile, it will not be regenerated
[INFO] running `Command { std: "/workspace/cargo-home/bin/cargo" "+cfbc6d4cf1acbac5c025acf8ed68929caa551df3" "fetch" "--locked" "--manifest-path" "Cargo.toml", kill_on_drop: false }`
[INFO] [stderr] error: the lock file /workspace/builds/worker-12/source/Cargo.lock needs to be updated but --locked was passed to prevent this
[INFO] [stderr] If you want to try to generate the lock file without accessing the network, use the --offline flag.
[INFO] the lockfile is outdated, regenerating it
[INFO] running `Command { std: "/workspace/cargo-home/bin/cargo" "+cfbc6d4cf1acbac5c025acf8ed68929caa551df3" "generate-lockfile" "--manifest-path" "Cargo.toml" "-Zno-index-update", kill_on_drop: false }`
[INFO] [stderr]     Blocking waiting for file lock on package cache
[INFO] running `Command { std: "/workspace/cargo-home/bin/cargo" "+cfbc6d4cf1acbac5c025acf8ed68929caa551df3" "fetch" "--locked" "--manifest-path" "Cargo.toml", kill_on_drop: false }`
[INFO] running `Command { std: "docker" "create" "-v" "/var/lib/crater-agent-workspace/builds/worker-12/target:/opt/rustwide/target:rw,Z" "-v" "/var/lib/crater-agent-workspace/builds/worker-12/source:/opt/rustwide/workdir:ro,Z" "-v" "/var/lib/crater-agent-workspace/cargo-home:/opt/rustwide/cargo-home:ro,Z" "-v" "/var/lib/crater-agent-workspace/rustup-home:/opt/rustwide/rustup-home:ro,Z" "-e" "SOURCE_DIR=/opt/rustwide/workdir" "-e" "CARGO_TARGET_DIR=/opt/rustwide/target" "-e" "CARGO_HOME=/opt/rustwide/cargo-home" "-e" "RUSTUP_HOME=/opt/rustwide/rustup-home" "-w" "/opt/rustwide/workdir" "-m" "1610612736" "--user" "0:0" "--network" "none" "rustops/crates-build-env@sha256:a636fd89d022f18117e1dc8fb37a0a009933cdbbe082814857f0e2024962d47c" "/opt/rustwide/cargo-home/bin/cargo" "+cfbc6d4cf1acbac5c025acf8ed68929caa551df3" "metadata" "--no-deps" "--format-version=1", kill_on_drop: false }`
[INFO] [stderr] WARNING: Your kernel does not support swap limit capabilities or the cgroup is not mounted. Memory limited without swap.
[INFO] [stdout] 69267ae50fa895ce572bed8f1f2b38dec25f3b9a7da1f61abdd805813e5775f1
[INFO] running `Command { std: "docker" "start" "-a" "69267ae50fa895ce572bed8f1f2b38dec25f3b9a7da1f61abdd805813e5775f1", kill_on_drop: false }`
[INFO] running `Command { std: "docker" "inspect" "69267ae50fa895ce572bed8f1f2b38dec25f3b9a7da1f61abdd805813e5775f1", kill_on_drop: false }`
[INFO] running `Command { std: "docker" "rm" "-f" "69267ae50fa895ce572bed8f1f2b38dec25f3b9a7da1f61abdd805813e5775f1", kill_on_drop: false }`
[INFO] [stdout] 69267ae50fa895ce572bed8f1f2b38dec25f3b9a7da1f61abdd805813e5775f1
[INFO] running `Command { std: "docker" "create" "-v" "/var/lib/crater-agent-workspace/builds/worker-12/target:/opt/rustwide/target:rw,Z" "-v" "/var/lib/crater-agent-workspace/builds/worker-12/source:/opt/rustwide/workdir:ro,Z" "-v" "/var/lib/crater-agent-workspace/cargo-home:/opt/rustwide/cargo-home:ro,Z" "-v" "/var/lib/crater-agent-workspace/rustup-home:/opt/rustwide/rustup-home:ro,Z" "-e" "SOURCE_DIR=/opt/rustwide/workdir" "-e" "CARGO_TARGET_DIR=/opt/rustwide/target" "-e" "CARGO_INCREMENTAL=0" "-e" "RUST_BACKTRACE=full" "-e" "RUSTFLAGS=--cap-lints=forbid" "-e" "CARGO_HOME=/opt/rustwide/cargo-home" "-e" "RUSTUP_HOME=/opt/rustwide/rustup-home" "-w" "/opt/rustwide/workdir" "-m" "1610612736" "--user" "0:0" "--network" "none" "rustops/crates-build-env@sha256:a636fd89d022f18117e1dc8fb37a0a009933cdbbe082814857f0e2024962d47c" "/opt/rustwide/cargo-home/bin/cargo" "+cfbc6d4cf1acbac5c025acf8ed68929caa551df3" "check" "--frozen" "--all" "--all-targets" "--message-format=json", kill_on_drop: false }`
[INFO] [stdout] b9bdeae6c337d4199bdba21e2661a15e6efb7bcd26ed97274f237d82f6afa9a4
[INFO] [stderr] WARNING: Your kernel does not support swap limit capabilities or the cgroup is not mounted. Memory limited without swap.
[INFO] running `Command { std: "docker" "start" "-a" "b9bdeae6c337d4199bdba21e2661a15e6efb7bcd26ed97274f237d82f6afa9a4", kill_on_drop: false }`
[INFO] [stderr]    Compiling bitflags v1.2.1
[INFO] [stderr]     Checking lazy_static v1.4.0
[INFO] [stderr]     Checking strsim v0.8.0
[INFO] [stderr]     Checking ansi_term v0.11.0
[INFO] [stderr]     Checking sha1 v0.6.0
[INFO] [stderr]     Checking atty v0.2.14
[INFO] [stderr]     Checking thread_local v1.0.1
[INFO] [stderr]     Checking regex v1.3.9
[INFO] [stderr]     Checking clap v2.33.3
[INFO] [stderr]     Checking dkill v0.1.0 (/opt/rustwide/workdir)
[INFO] [stdout] error[E0412]: cannot find type `Iter` in crate `walkdir`
[INFO] [stdout]   --> src/file.rs:12:20
[INFO] [stdout]    |
[INFO] [stdout] 12 |     iter: walkdir::Iter
[INFO] [stdout]    |                    ^^^^ not found in `walkdir`
[INFO] [stdout]    |
[INFO] [stdout] help: consider importing one of these items
[INFO] [stdout]    |
[INFO] [stdout] 1  | use std::collections::binary_heap::Iter;
[INFO] [stdout]    |
[INFO] [stdout] 1  | use std::collections::btree_map::Iter;
[INFO] [stdout]    |
[INFO] [stdout] 1  | use std::collections::btree_set::Iter;
[INFO] [stdout]    |
[INFO] [stdout] 1  | use std::collections::hash_map::Iter;
[INFO] [stdout]    |
[INFO] [stdout]      and 8 other candidates
[INFO] [stdout] 
[INFO] [stdout] 
[INFO] [stdout] error[E0554]: `#![feature]` may not be used on the beta release channel
[INFO] [stdout]  --> src/main.rs:1:1
[INFO] [stdout]   |
[INFO] [stdout] 1 | #![feature(box_syntax, question_mark)]
[INFO] [stdout]   | ^^^^^^^^^^^^^^^^^^^^^^^^^^^^^^^^^^^^^^
[INFO] [stdout] 
[INFO] [stdout] 
[INFO] [stdout] warning: trait objects without an explicit `dyn` are deprecated
[INFO] [stdout]   --> src/command.rs:45:27
[INFO] [stdout]    |
[INFO] [stdout] 45 |     BadIncludePattern(Box<Error>),
[INFO] [stdout]    |                           ^^^^^ help: use `dyn`: `dyn Error`
[INFO] [stdout]    |
[INFO] [stdout]    = note: `#[warn(bare_trait_objects)]` on by default
[INFO] [stdout] 
[INFO] [stdout] 
[INFO] [stdout] warning: trait objects without an explicit `dyn` are deprecated
[INFO] [stdout]   --> src/command.rs:46:27
[INFO] [stdout]    |
[INFO] [stdout] 46 |     BadExcludePattern(Box<Error>),
[INFO] [stdout]    |                           ^^^^^ help: use `dyn`: `dyn Error`
[INFO] [stdout] 
[INFO] [stdout] 
[INFO] [stdout] error[E0412]: cannot find type `Iter` in crate `walkdir`
[INFO] [stdout]   --> src/file.rs:12:20
[INFO] [stdout]    |
[INFO] [stdout] 12 |     iter: walkdir::Iter
[INFO] [stdout]    |                    ^^^^ not found in `walkdir`
[INFO] [stdout]    |
[INFO] [stdout] help: consider importing one of these items
[INFO] [stdout]    |
[INFO] [stdout] 1  | use std::collections::binary_heap::Iter;
[INFO] [stdout]    |
[INFO] [stdout] 1  | use std::collections::btree_map::Iter;
[INFO] [stdout]    |
[INFO] [stdout] 1  | use std::collections::btree_set::Iter;
[INFO] [stdout]    |
[INFO] [stdout] 1  | use std::collections::hash_map::Iter;
[INFO] [stdout]    |
[INFO] [stdout]      and 8 other candidates
[INFO] [stdout] 
[INFO] [stdout] 
[INFO] [stdout] error[E0554]: `#![feature]` may not be used on the beta release channel
[INFO] [stdout]  --> src/main.rs:1:1
[INFO] [stdout]   |
[INFO] [stdout] 1 | #![feature(box_syntax, question_mark)]
[INFO] [stdout]   | ^^^^^^^^^^^^^^^^^^^^^^^^^^^^^^^^^^^^^^
[INFO] [stdout] 
[INFO] [stdout] 
[INFO] [stdout] warning: trait objects without an explicit `dyn` are deprecated
[INFO] [stdout]   --> src/command.rs:45:27
[INFO] [stdout]    |
[INFO] [stdout] 45 |     BadIncludePattern(Box<Error>),
[INFO] [stdout]    |                           ^^^^^ help: use `dyn`: `dyn Error`
[INFO] [stdout]    |
[INFO] [stdout]    = note: `#[warn(bare_trait_objects)]` on by default
[INFO] [stdout] 
[INFO] [stdout] 
[INFO] [stdout] warning: trait objects without an explicit `dyn` are deprecated
[INFO] [stdout]   --> src/command.rs:46:27
[INFO] [stdout]    |
[INFO] [stdout] 46 |     BadExcludePattern(Box<Error>),
[INFO] [stdout]    |                           ^^^^^ help: use `dyn`: `dyn Error`
[INFO] [stdout] 
[INFO] [stdout] 
[INFO] [stdout] error[E0308]: mismatched types
[INFO] [stdout]   --> src/file.rs:77:16
[INFO] [stdout]    |
[INFO] [stdout] 77 |             Ok(hash.digest())
[INFO] [stdout]    |                ^^^^^^^^^^^^^ expected struct `std::vec::Vec`, found struct `sha1::Digest`
[INFO] [stdout]    |
[INFO] [stdout]    = note: expected struct `std::vec::Vec<u8>`
[INFO] [stdout]               found struct `sha1::Digest`
[INFO] [stdout] 
[INFO] [stdout] 
[INFO] [stdout] error[E0308]: mismatched types
[INFO] [stdout]   --> src/file.rs:77:16
[INFO] [stdout]    |
[INFO] [stdout] 77 |             Ok(hash.digest())
[INFO] [stdout]    |                ^^^^^^^^^^^^^ expected struct `std::vec::Vec`, found struct `sha1::Digest`
[INFO] [stdout]    |
[INFO] [stdout]    = note: expected struct `std::vec::Vec<u8>`
[INFO] [stdout]               found struct `sha1::Digest`
[INFO] [stdout] 
[INFO] [stdout] 
[INFO] [stdout] error: aborting due to 3 previous errors; 2 warnings emitted
[INFO] [stdout] 
[INFO] [stdout] 
[INFO] [stdout] Some errors have detailed explanations: E0308, E0412, E0554.
[INFO] [stdout] 
[INFO] [stdout] For more information about an error, try `rustc --explain E0308`.
[INFO] [stdout] 
[INFO] [stdout] error: aborting due to 3 previous errors; 2 warnings emitted
[INFO] [stdout] 
[INFO] [stdout] 
[INFO] [stdout] Some errors have detailed explanations: E0308, E0412, E0554.
[INFO] [stdout] 
[INFO] [stdout] For more information about an error, try `rustc --explain E0308`.
[INFO] [stdout] 
[INFO] [stderr] error: could not compile `dkill`.
[INFO] [stderr] 
[INFO] [stderr] To learn more, run the command again with --verbose.
[INFO] [stderr] warning: build failed, waiting for other jobs to finish...
[INFO] [stderr] error: build failed
[INFO] running `Command { std: "docker" "inspect" "b9bdeae6c337d4199bdba21e2661a15e6efb7bcd26ed97274f237d82f6afa9a4", kill_on_drop: false }`
[INFO] running `Command { std: "docker" "rm" "-f" "b9bdeae6c337d4199bdba21e2661a15e6efb7bcd26ed97274f237d82f6afa9a4", kill_on_drop: false }`
[INFO] [stdout] b9bdeae6c337d4199bdba21e2661a15e6efb7bcd26ed97274f237d82f6afa9a4
